Let c = 46 + -18. What is the highest common divisor of c and i?
4
Let j be (-2)/3 + 380/(-6). Let z = 92 + j. Let u(i) = 7*i**2 - i - 1. Let n be u(-1). What is the greatest common divisor of n and z?
7
Let b(p) = -p**3 + 7*p**2 + 9*p - 10. Let d be b(8). Let w(r) = 23*r**2 - 4*r - 5. Let y be w(d). Calculate the greatest common divisor of y and 19.
19
Let b(t) = t**3 + 5*t**2 - 14*t - 6. Let c be b(-6). Let m = 14 + 14. What is the greatest common factor of m and c?
14
Suppose -3*q = -8*q - 100. Let c = -10 - q. Suppose 0 = -v + 3, -3*v - 3 = -2*i + 88. Calculate the greatest common factor of i and c.
10
Suppose 3*f - 17 = -t, -3*t + 2*f - 27 = -89. Let b(a) = 11*a**3 + 2*a - 1. Let m be b(3). Let s = -122 + m. What is the highest common factor of s and t?
20
Let w(k) = k**3 + 6*k**2 - k - 3. Let i be w(-6). Let z be (-2703)/(-9) + (-1)/i. Suppose y + y - z = 0. Calculate the greatest common divisor of y and 15.
15
Suppose -5*w + 43 = -37. Let j be w/(-4)*(-37)/4. Let c = -19 + j. What is the highest common factor of 9 and c?
9
Let o be -2 - (0 - (-5)/(-1)). Suppose 3*a - 3 = -4*f, 2*f - o*a = 7*f - 6. Calculate the greatest common divisor of 21 and f.
3
Let d(t) = 8*t**3 - t**2 + 2*t - 2. Let k be d(1). What is the highest common divisor of k and 14?
7
Let k = 0 + 1. Let u = -1 + k. Let t(z) = -z**2 - z + 15. Let i be t(u). What is the greatest common divisor of i and 30?
15
Let a be 1260/112 - 6/(-8). What is the highest common factor of a and 252?
12
Let j be 19 + -2 - (0 + 2). Let d be (-1)/(-1)*(j - 3). What is the highest common factor of 8 and d?
4
Let u(r) = 6*r - 76. Let y(b) = b - 15. Let l(q) = 2*u(q) - 11*y(q). Let x be l(-9). Calculate the greatest common factor of 28 and x.
4
Suppose -2*k + 4 = -k, 5*k - 110 = -l. What is the highest common divisor of l and 30?
30
Let x(r) = -17*r - 2. Let g(p) = -85*p - 11. Let j(i) = -4*g(i) + 22*x(i). Let w be j(-1). Calculate the greatest common divisor of w and 17.
17
Suppose -3*w + 29 = -19. Suppose 0 = 17*t - w*t - 72. Calculate the highest common factor of t and 8.
8
Suppose a - 101 - 127 = 0. Let w be (-1)/(-3)*a/4. Suppose -i = -4*r - 10 + 27, 5*r + i = w. What is the greatest common factor of r and 36?
4
Let p(f) = f**3 + 31*f**2 + 30*f + 1. Let w be p(-30). What is the greatest common divisor of 9 and w?
1
Suppose 3*i - 5*x = 29, 2*i - 70 = -3*i + 4*x. Let s = -10 + i. Suppose 25 = s*o - 3*o. What is the greatest common divisor of 25 and o?
5
Let w be 14/49 + 418/7. Let m(i) = -i**3 - i + 5. Let y be m(0). Suppose -y*a = -3*d + w, 2*d - d - 20 = a. What is the highest common divisor of d and 140?
20
Let i be (-1)/(-1)*18/6. Suppose -n = 3*n - 24. Let v be 3/(2 + (-3)/n). Calculate the highest common factor of v and i.
1
Let i(f) = -4*f**2 + 3*f + 5 - 4 - f**3 - 4 + 6*f**2. Let a be i(2). What is the greatest common factor of a and 3?
3
Suppose -3*s + 10 = -2*s. Suppose z + 7 = 27. What is the greatest common factor of s and z?
10
Suppose 55 = -5*j - 170. Let m = -28 - j. What is the greatest common factor of m and 34?
17
Let b = 174 - 104. What is the highest common factor of 28 and b?
14
Suppose 4*o = 4*y + 272, -5*o + 364 = -y + 2*y. Calculate the greatest common divisor of 9 and o.
9
Let f be (-6)/4 - 54/(-12). Suppose 8 = f*h + h. Let o(k) = 15*k - 2. Let t be o(h). What is the greatest common factor of 70 and t?
14
Let z be -14 + -9 - (-2 + 1). Let i be (z - -1)*(-1 - 0). Calculate the highest common divisor of i and 3.
3
Suppose 2*y - 8 = 2*w, w + 4*y + 1 = 22. Let p be (w + 5)/(16/72). Calculate the highest common factor of p and 18.
9
Suppose -2*c - 220 = -7*c. What is the greatest common divisor of c and 22?
22
Let h be 284/16 - (-3 + (-33)/(-12)). What is the highest common factor of 6 and h?
6
Let y(q) = -3*q**2 + 1. Let v be y(-1). Let t(n) = -2*n**3 - 3*n**2 + 1. Let l be t(v). What is the greatest common divisor of 2 and l?
1
Suppose -2*v + 16 = 2*h, 0 = -5*h + 2*v + 62 + 13. Suppose -4*j + h = -23. Suppose 3*f = 4*f - 3. What is the greatest common divisor of f and j?
3
Let c be ((-6)/15)/(4/(-100)). Let z(t) = -16*t - 2. Let f be z(-2). Calculate the highest common factor of f and c.
10
Suppose -2*d = 4*n - 3*n - 6, 3*n = -5*d + 17. Suppose -1 + 5 = n*t. Calculate the highest common divisor of t and 9.
1
Suppose -u = -5*u - 952. Let j = -140 - u. What is the highest common divisor of j and 14?
14
Let w be 0 + (18/3)/(-2) + 68. What is the greatest common factor of 26 and w?
13
Let t = 56 - 55. Calculate the highest common factor of t and 3.
1
Suppose 0 = -7*i + 2*i + 120. Let n(p) = p**3 + 5*p**2 - 2*p - 4. Let c be n(-5). What is the greatest common factor of c and i?
6
Let h be (2/(-3))/(4/(-114)). What is the highest common factor of h and 19?
19
Let x = 322 - 502. Let h = -91 - x. Let t = h - 29. What is the greatest common factor of 40 and t?
20
Let d(i) = -i**2 - 10*i + 3. Let q be d(-11). Let y = 21 + q. What is the highest common factor of y and 117?
13
Let r(x) = -x**2 + 9*x - 13. Let t be r(5). Calculate the highest common factor of 14 and t.
7
Let j be 1/((-5)/(-195)*3). Calculate the greatest common divisor of j and 52.
13
Let z be (-262)/(-10) - (-2)/(-10). What is the greatest common factor of 52 and z?
26
Let l = 0 - 1. Let m = l - -8. What is the greatest common factor of 1 and m?
1
Let i = 39 - 31. What is the highest common divisor of 104 and i?
8
Let b = 7 - -3. Let p = -13 - -16. Let j be 804/9 + 2/p. What is the highest common factor of b and j?
10
Let k = -9 - -11. Let t be k/(1*(-1)/(-4)). What is the highest common divisor of 1 and t?
1
Suppose 5*t + 187 = -133. Let x = -34 - t. Suppose 12*z - 9*z = 45. What is the greatest common factor of z and x?
15
Let j(n) = -n**3 - 25*n**2 + 18. Let g be j(-25). What is the greatest common factor of 45 and g?
9
Let p be (2 + 1 + 7)/2. Suppose 0 = -3*u + u + x + 5, p*x = -2*u + 23. Calculate the greatest common divisor of 2 and u.
2
Let r be -1 + -14*60/(-8). Let d(q) = q**3 - 4*q**2 + 4*q - 3. Let a be d(4). What is the greatest common factor of a and r?
13
Let q = 14 + 2. Let z = q + -9. What is the highest common divisor of 21 and z?
7
Suppose c = -5*f - 25, 4*c + 2*f + 20 = -2*f. Suppose -4*k + c = q - 2, -4*q + 4*k = -8. Let l be (-2 + 10/4)*q. Calculate the highest common factor of 9 and l.
1
Suppose -917 + 59 = -11*g. What is the greatest common divisor of 52 and g?
26
Suppose -4*m - 3*q + 69 = 0, 0 = 4*q + 17 + 3. Let r = -167 - -314. Calculate the highest common factor of m and r.
21
Let o be 16 + 4/4*-1. Suppose 0 = -2*g - 0*g + 210. Calculate the greatest common divisor of o and g.
15
Suppose -4*c + 13 = -3. Suppose -c*y = -20, -4*u + 2*y - 48 = -198. Let s = 17 + -1. What is the greatest common divisor of u and s?
8
Let p = 33 + 9. Suppose -4*t + t = -p. What is the highest common divisor of t and 14?
14
Suppose -2*v - 33 + 90 = 3*g, -49 = -2*g - 5*v. Calculate the highest common divisor of 51 and g.
17
Let f(y) = 8*y - 2. Let l be f(2). Suppose r + 2*r + 2*x - 13 = 0, x = -4*r + l. Calculate the highest common divisor of r and 3.
3
Let n(p) = 2 + 3*p + p**2 + 2 + 2 - 3. Let h be n(-3). Suppose 0 = 3*q + 2*z - 31 - 19, h*q + z - 55 = 0. Calculate the highest common factor of q and 4.
4
Let d be 177 + (1 - 3) + -1. Suppose 3*h = -4*m + 124, 0*m - m = 4*h - d. Let y be h/(-3)*(-18)/12. Calculate the highest common factor of 55 and y.
11
Let n(f) = -f**3 + 5*f**2 + 2*f + 1. Suppose -c - 1 = -5. Let j be n(c). Calculate the greatest common divisor of 10 and j.
5
Let f(n) = -18*n - 2. Let g be f(-1). Calculate the highest common divisor of 32 and g.
16
Suppose 8*i + 165 = 13*i. Suppose -3*y = -0 - i. Calculate the greatest common factor of y and 88.
11
Let h(d) = -13*d - 4. Let u be h(-4). Calculate the highest common divisor of 6 and u.
6
Let x = 61 - 36. Let n = 46 - x. What is the highest common divisor of 3 and n?
3
Let k(g) = g - 3. Let l be k(-7). Let h be (0 + 1)/((-1)/l). What is the greatest common factor of h and 10?
10
Let n = -18 + 18. Suppose n = -2*p + 4*p - a - 43, -4*p + 3*a + 89 = 0. What is the greatest common divisor of 20 and p?
20
Suppose -k + u + 29 = 3*u, 4*k + 5*u = 107. Calculate the highest common factor of 92 and k.
23
Let m(l) = -l + 4. Let v be m(6). Let c(i) = -2*